ue of 26 + -6 + (28 - 55 - -14)?
7
Evaluate 14 - (-23 - 27 - -27 - (-27 + 6)).
16
Calculate -4 + 3 + 0 - 4 - (-2070 + 2004).
61
9 + -87 + 32 + 18
-28
Calculate -1 + 1 - 34 - (-29 - (46 + -87)) - -13.
-33
Evaluate -13 - -1 - ((-23 - (-31 - -15)) + 2 + -2).
-5
What is -19 + 18 + 19 + -4 + -30?
-16
What is (43 - 18) + 1 + -16 + -16 - -30?
24
Evaluate (-81 - 9 - -20) + 52.
-18
Evaluate -8 + (-245 + 266 - (1 - 0)).
12
Evaluate -53 - (-40 + 211 + -102).
-122
Evaluate 2 - (11 - 6 - -4) - (58 - 57) - -4.
-4
What is 7 + 74 + (-7 - (-8 + -5 + 4) - -9)?
92
What is (-14 - ((-1 - 5) + 1)) + 12 + -1 + -1?
1
Calculate (0 - 0) + (-66 - -53) + 7 - -35.
29
Evaluate (3 + 0 - (-5 - -1)) + -24.
-17
Calculate (13 - -28) + -147 + 74 - (18 - 2).
-48
Evaluate (-17 - -5) + -51 + (13 - -11).
-39
What is the value of -228 - (-111 + -153 + 143)?
-107
Evaluate -9 - (-10 - -109 - 73).
-35
Evaluate -15 - (59 + (2 + 1 - (316 - 338))).
-99
Calculate (100 - -4) + (-1551 - -1440).
-7
What is the value of -1 - (13 - (11 - ((-8 - -10) + -1))) - -13?
9
2 + (0 - -7) - (150 - (193 - 34))
18
Evaluate 14 - 48 - -42 - (-14 + -2) - 11.
13
What is the value of -98 + (-216 - -236) + 1 + -15?
-92
Calculate 3 + (7 + 19 - -13) + -7 + 4 + 3.
42
Calculate (-7 + -1 - -2) + -12 + -5 + 51.
28
Evaluate (47 - -1) + 11 + -177 + 157.
39
What is -19 + -28 - -9 - 28?
-66
What is the value of (-20 + 12 + -6 + 24 - (-65 + -1)) + -11?
65
Calculate 83 - (61 + -31 - -67).
-14
Calculate 3 - (14 + -16 + (16 - 10) + -49 + 3).
45
Evaluate 28 + -12 + (3 - (1 + 10) - (0 - 7)).
15
What is 66 + (86 - 92) - 23?
37
(30 - -11) + 9 + -2 + -8
40
Evaluate 40 + -46 + 23 - (0 - (-11 - -2)).
8
Calculate 166 + -161 + (2 - (-32 + 1 + 3)).
35
Evaluate -95 - (-43 - -37 - 84).
-5
Calculate (4 - (0 - -1 - -31)) + -35 + 101 + -59.
-21
Evaluate 24 + (12 - 2 - -21 - 16).
39
What is 102 + -159 + (-20 - -59)?
-18
Calculate -4 + (-46 - -34) + (-1 + 6 - 0) + 4.
-7
Calculate 25 - (-4 + -8 + (-14 - (7 - 16))).
42
Evaluate 33 + -1 - (-199 + 234 - 1).
-2
What is (3 - (31 - (9 + 3 + -7))) + (6 - -1)?
-16
What is the value of 24 + -27 + 4 - -15?
16
Calculate 41 - (-15 - -36) - (-1 - -6).
15
What is (-11 + -2 - (186 - 172)) + 18?
-9
What is 1 + (31 - 40 - (4 - (-3 - -12)))?
-3
What is the value of -46 + (11 - (-24 + 24 - (-2 - 9))) + -9?
-55
Calculate 40 + -5 + -66 + (29 - 3).
-5
31 + -77 + (35 - 28)
-39
Calculate 45 - 53 - (-23 + -1) - 20.
-4
What is the value of -9757 + 9679 - (1 - 85)?
6
What is 60 - 24 - (36 - 39 - -49)?
-10
Evaluate 113 - (73 - (-21 - 1)).
18
What is -2 + 1 + -24 - (-89 + (81 - -8))?
-25
Calculate -25 + -14 + 2 + -15 + 7 - (-1 + -13).
-31
What is 3 - ((-24 - -48) + -14 + 62)?
-69
What is the value of (-9 - -18) + -13 + -3 - (1 - 24)?
16
Evaluate 15 - (134 + -1 - ((251 - 206) + (-29 - 0))).
-102
What is (-12 - 28) + 83 + -35?
8
Calculate 13 + (-9 - 3 - 14) - 4 - -10 - 111.
-118
What is the value of -3 - (-8 + 0 - (31 + -16 + 8 + 82))?
110
186 + -9 + -41 + -44
92
Evaluate -20 - -134 - (450 + -406).
70
Calculate -8 + 5 + -11 - (6 + -1 - 1).
-18
Evaluate (-2 - 4) + ((-36 - -66) + 37 - (19 + -3)).
45
What is the value of (-24 - (8 - 45)) + -56?
-43
Evaluate -2 + 1 + -1 + (46 - (-96 - -137)) + -35.
-32
What is 2 + 4 + (41 + 6 + 3 - 8)?
48
What is -1706 + 1666 - (1 - 3)?
-38
What is the value of 26 + (-17 - (-36 + 52)) + 74 + 3 + -1?
69
(-91 + 61 - -10) + -11 + -2
-33
What is the value of 5 - 11 - (4 + (-2 - -2)) - (-666 - -650)?
6
Evaluate (-40 - -54) + (48 - 26).
36
What is 9 - ((71 - 31) + -25 - (3 + -1))?
-4
25 + -3 + (-1 - 1) - (-3 + 5)
18
Evaluate (11181 - 11194) + (-1 + 2 - -26).
14
What is the value of 5 + (53 - 53) + -5?
0
(4 - -9) + -24 + -1 + 14 + -2
0
3 - (-56 - (9 - 7)) - 5 - (9 + -2)
49
What is -6 + (9 - (-7 - 1) - 24) + -1 + 1?
-13
Evaluate (1 - (-22 - 25)) + 20 + (13 - 0).
81
What is 1 - ((16 - -22) + -23 + -27)?
13
What is (0 + 3 - (73 + -98)) + (-8 - 6) + 8?
22
What is (17 - 17) + 33 - (0 + -28)?
61
-11 + -30 - (349 - 385)
-5
Calculate -14 - (-12 - (-8 + 9 + 6)) - (-5 + -121).
131
(36 + -2 - (12 - (-6 - -8))) + -10 + -7
7
What is the value of 58 + 8 - (225 + -271)?
112
What is (-21 + 11 + -15 - 16) + (-6 - 1)?
-48
Calculate (-31 - 1) + (-737 - -776).
7
Evaluate -24 + 13 - -11 - (2 - 48) - 10.
36
What is 12 + -10 + (18 + -8 - 11 - -9) - 46?
-36
-16 + 36 - (-14 + 39) - (-45 + -2)
42
Calculate 96 + -96 + -16 - (-19 + 2).
1
Calculate 14 + -1 + -10 + 23.
26
Evaluate -3 - (-11 + (-30 + 5 - -25)).
8
Evaluate 94 - (-29 - (-173 + -26)).
-76
What is -15 + -54 + 43 + -11?
-37
-24 + 26 - (0 + -50 + 6)
46
-4 + 14 + (-52 - (15 - 37))
-20
Calculate (17 - 50 - (-23 - -5)) + 43.
28
What is (-48 - -3) + 3 - (19 + -10 + -13 + 11)?
-49
What is the value of -2 + -8 - -29 - 23?
-4
Evaluate -53 - (-38 + -82 - -61).
6
Calculate (-33 - -9 - 112) + 26 - -31.
-79
What is the value of 3 + -12 + 25 - 100 - (3 + -9 - 1)?
-77
What is -102 + (53 + -88 - -39)?
-98
-23 - (-34 + 4) - 49
-42
Evaluate -3 + 22 + -19 + -22 + -27.
-49
Calculate (110 - (182 - 97)) + 11.
36
Calculate -26 - (-2 + -2 + 6 - (272 + -265)).
-21
What is the value of -38 + 11 + 25 - (-8 - -17)?
-11
What is -30 + -4 + (0 - -6) + 55?
27
What is the value of 5 - (4 + (7 - 15) + 9 - 25)?
25
Evaluate -20 - ((12 - ((-7 - -15) + 2)) + 10).
-32
Evaluate (264 - 254) + (-4 - (7 + -2)).
1
-2 + 5 + -2 + -32 - (71 + -1 + -63)
-38
What is the value of -35 + 59 + -26 + -2 + 53?
49
Calculate -28 + -1 + (9 - 9) + -11 + -1.
-41
Calculate (16 - 92) + -947 + 1011.
-12
What is (2 - 0 - 0) + -7 + (-20914 - -20944)?
25
What is the value of (28 - -65 - 71) + -107?
-85
What is the value of -4 + -3 - 3 - (-77 + 122 + -19)?
-36
Evaluate 14 + 0 + 4 + (-16 - (-28 - (8 - 16))).
22
What is the value of -3 + 12 + -45 + (-24 - (16 - 37))?
-39
Calculate -76 + 89 + 3 + -4 + -8.
4
Evaluate (5 - (1 + 3 - 3)) + 6 + 40 + -43.
7
Evaluate 7 + 1 - -1 - (9 + 2 + -42).
40
Evaluate 15 + -29 + (-17 - -36) + -21.
-16
Evaluate 5063 - 5090 - (1 + 0 - 75).
47
Calculate -2 - -36 - (46 + -33 + (3 - 19)).
37
Evaluate -29 + 2 - (176 + -121).
-82
What is the value of 33 - (63 + -71 + (0 - 16))?
57
7 - (-98 - -48) - 14
43
What is 36 + -128 + (61 - 23)?
-54
What is the value of (-2 - (-9 - -11)) + -2 + -5 - 13?
-24
What is -40 - (-44 - -39 - 23)?
-12
What is -21 + (5 + (-120 - 7) - 10) - -12?
-141
What is (-5 - 0) + (23 + -39 - -22) + 117 + 1?
119
What is -46 + 22 + 21 - 5 - 31?
-39
Evaluate (-370 - -303) + (11 - 9 - (-16 + -1)).
-48
Calculate -3935 + 4028 + -76 + 0.
17
Evaluate 18 - (15 - (-4 - (-13 - -2))) - 20.
-10
86 + (54 - 70) + -17 + 6
59
-8 + (-11 - (-11 + 2)) - (-4 + 13)
-19
9 + -4 + 11 + (1 + 6 - (165 + -175))
33
What is (0 - (70 - (-17 + 38))) + (5 - 2)?
-46
What is the value of -1 - -29 - (-47 - (-92 + 30))?
13
Evaluate 7 + (-26 - (-12 + -22 + 25)) + -82.
-92
What is the value of (-11 - 27) + 30 + 54?
46
What is 4 + 17 - (14 + -20 + 4)?
23
(-18 - (-46 + -8) - 18) + -55
-37
Calculate (83 - 99) + 21 + 3 - -8.
16
What is the value of -5 + 53 + (-1974 - -2020)?
94
Evaluate 92 + 2 + (15 + -1 - (-2 + -1)).
111
What is 6 - (-17 + (-9 - -7) + -29)?
54
What is the value of (3 - -10) + -2 - (-62 + (6 - (-40 + 11)))?
38
Calculate 6 + (-58 - (51 - 100)) + (-19 - -1).
-21
What is the value of 41 - 27 - (37 - -8) - -135?
104
Calculate -42 - -18 - ((47 - 42 - (-2 + 10)) + 4).
-25
What is the value of (-303 - -279) + 3 + -3 + -12?
-36
What is the value of -27 + 28 + 89 + 2 + -28?
64
What is the value of -8 + (-14 - -31 - 5) + (6 - 3) + -38?
-31
What is -61 - -112 - 107 - (-7 - 2)?
-47
Evaluate 36 + (21 - (35 + 47)).
-25
Evaluate -4 + 31 - (-48 + 100).
-25
What is 22 - 74 - 32 - -60?
-24
-79 - -2 - (-38 - (-86 + 30))
-95
-85 - -44 - (-75 - -30)
4
What is the value of 0 + -7 + 16 - (-248 + 180)?
77
Calculate -3 - (85 - (-89 + 157)).
-20
Evaluate -104 + -17 - (27 - 24 - 34 - -10).
-100
Calculate (41 - (7 + 8) - 23) + (-2 - 0) + 97.
98
What is the value of -24282 + 24443 - (154 - -1)?
6
Calculate 1518 + -1531 + (65 - 2 - 3).
47
What is (2944 - 2851) + 48 + -7?
134
What is 7 + 21 + (5 - 50)?
-17
-80 - (-39 + -30 - -17)
-28
Calculate 196 + (31 - (55 - -88)).
84
What is -80 + -18 + 97 + 4 + -2 + (-1 - 139)?
-139
-16 + -3 - (-302 - -237)
46
Calculate ((54 - 24) + 22 - (4 + 2)) + 1.
47
What is the value of ((2 - -7) + -25 - -11) + (0 + -6 -